 + -60. What is the units digit of w?
2
Suppose p + 480 = 2*n, 966 = -4*n + 8*n - 5*p. What is the hundreds digit of n?
2
Let u(m) = -m**2 - 7*m + 1. Let x be (6/8)/(3/(-24)). Let y be u(x). Suppose 2*z - 66 = 2*s, -y*z - 3*s = -6*z - 45. What is the tens digit of z?
3
Let c = 2 - 31. Let x = c + 26. What is the tens digit of -15*(x - (-21)/9)?
1
Let n(m) = -52*m - 111. What is the tens digit of n(-11)?
6
Let v = -803 - -1142. What is the tens digit of v?
3
Let v(z) be the third derivative of 0 + 1/12*z**4 + 5/3*z**3 + 0*z + 7*z**2. What is the tens digit of v(9)?
2
Let o be (-3)/2*6/(-9). What is the units digit of (-2 + o)/(6/(-174))?
9
Let q be ((-58)/(-2))/(4 - 5). Let i = q - -29. Suppose -2*z - 2*v - 32 = -112, -5*z - 4*v + 199 = i. What is the units digit of z?
9
Suppose 0 = -89*k + 90*k - 1208. What is the tens digit of k?
0
What is the tens digit of 4*(-78)/(-52) - (1 + -3694)?
9
Let f be 3/((-6)/(-46)*(-3)/9). Let z = -1 - f. What is the units digit of z?
8
Suppose 22 = -d - 4. Let m = d - -24. What is the tens digit of (m - -1)/((-9)/423)?
4
Let f(y) = -y + 1. Let q be f(-4). Suppose -4*l = 2*z - 258, -5*l - q*z + 71 + 244 = 0. What is the tens digit of l?
6
Let l(x) = -3*x**2 + 27*x - 26. Let w be l(11). Let f = 322 + w. What is the units digit of f?
0
Let b(d) = -d**3 + 15*d**2 - d + 19. Let o = -14 - -16. Let y be 292/20 - o/(-5). What is the units digit of b(y)?
4
What is the tens digit of 8*657/(-2)*(-19)/57?
7
Let i(k) be the third derivative of k**4/6 - 5*k**3/3 - 9*k**2. Let w be i(8). Let z = -15 + w. What is the units digit of z?
7
Suppose 5*o - 4*k - 770 = 0, 0*o - 4*k + 308 = 2*o. What is the hundreds digit of o?
1
Suppose 3*l + 2 = 23. Suppose l = 4*j - 17. Suppose 441 = q + j*q. What is the units digit of q?
3
Suppose 0*m - 4*j = -5*m + 291, -5*m - 5*j + 255 = 0. Suppose -2*o - m = -5. What is the units digit of (-545)/o + (-2)/(-10)?
2
Suppose -962 = -9*j + 64. Suppose 4*p = 7*p - j. What is the tens digit of p?
3
Let h be (1 - 8/20)*20. Suppose 3*t - h = -0*t. Suppose -t*y + 0*y = -104. What is the tens digit of y?
2
Let w(j) be the first derivative of 2*j**3/3 + 6*j**2 + 22*j - 23. What is the units digit of w(-6)?
2
Suppose 0 = -7*u + 29 - 8. What is the units digit of ((-244)/6)/((-2)/u)?
1
Let g(f) = -19*f**3 + 3*f**2 - 2*f - 16. What is the units digit of g(-3)?
0
What is the tens digit of (-46)/69*1314/(-4)?
1
Suppose -3*v - 4*m = -2*m - 8, -m + 4 = v. Suppose v = 3*r - 38 + 371. What is the units digit of 3*(0 - r/9)?
7
Suppose 2*t = -2*b + 5*b - 970, -t - 1619 = -5*b. Suppose 4*i - b = -76. What is the units digit of i?
2
Let d = -15 + 11. Let w(r) = r**2 - 24*r - 58. Let j be w(26). Let x = d - j. What is the units digit of x?
2
Suppose -11*i = -7*i - 7528. What is the tens digit of i?
8
Let b(o) be the third derivative of 6*o**2 + 0*o + 1/8*o**4 + 0 - 8/3*o**3. What is the units digit of b(17)?
5
Let a = -21 + 24. Suppose v - 145 = -2*q, -a*q - 47 = v - 263. What is the units digit of q?
1
Suppose 3357 - 17865 = -13*k. What is the units digit of k?
6
Let c = 352 + 199. Suppose 0 = -4*b - 211 + c. What is the units digit of b?
5
Let c(l) = -l**2 + 20*l - 7. Let g be c(19). What is the units digit of (-2)/g + (-436)/(-24)?
8
Suppose 9*t = -8*t + 11492. What is the units digit of t?
6
Suppose -3*l + 4*r + 4758 = 3*r, -2*l + 3*r = -3172. What is the units digit of l?
6
Suppose -5*q + 70 = -10*q. Let y = 14 + q. What is the units digit of (-2)/2*(y - 4)?
4
Suppose -17*y = -1525 - 7944. What is the tens digit of y?
5
Suppose -4 = -2*u + u. Suppose -24 + u = -4*l. What is the units digit of l?
5
Suppose -r = 1, 4*r + 95 - 274 = -3*h. What is the tens digit of h?
6
Suppose -2*r - 4*o = -12, 2*r + r + 6 = 2*o. Suppose g + 2 = 0, r*k - 4*g + 4 = k. Suppose k = -4*j, -4*m = -3*j + 6 - 135. What is the tens digit of m?
3
Suppose -29*k + 25*k = -6232. What is the units digit of k?
8
Let a(v) = -v**3 - v**2 + 5*v + 154. What is the tens digit of a(0)?
5
Suppose -5410 = 7*t - 7496. What is the tens digit of t?
9
Let t(q) = q**2 + q + 1. Let m(k) = -3*k**2 + 14*k - 4. Let y(z) = m(z) + 2*t(z). What is the tens digit of y(6)?
5
Suppose 20 = -4*s, -g - 37 = 2*s + 24. What is the tens digit of 940/3 + (-34)/g?
1
Let p(c) = 3*c**3 + 4*c**2 + 10*c + 2. What is the units digit of p(5)?
7
Suppose 7*x - x - 948 = 0. Suppose -3*a = 3*l - 256 + 13, 2*a + 4*l = x. What is the units digit of a?
3
Let b(c) = -17*c + 175. What is the hundreds digit of b(-9)?
3
Let r(g) be the first derivative of -g**3/3 + 5*g**2 + 5*g - 9. Let t be r(-4). Let n = t + 94. What is the tens digit of n?
4
What is the tens digit of 10244/104*1*18?
7
Suppose 5*t - 7*t + 2894 = 4*h, 4*t + h - 5781 = 0. What is the tens digit of t?
4
Let o = -1103 - -1998. What is the hundreds digit of o?
8
Suppose -6*k - 2*k = -4048. What is the units digit of k?
6
Let c be (-6 - (-55)/10) + (-70)/4. Let k(d) = 2 - 4 - 4 - 3*d. What is the tens digit of k(c)?
4
Suppose 337 = 4*u - 219. Suppose 162 = -4*m + 5*i + 518, 4*i + 267 = 3*m. Let q = u - m. What is the tens digit of q?
5
Suppose -4*m + 14*m - 3300 = 0. What is the hundreds digit of m?
3
Let i(t) = 4*t**2 - 44*t + 15. What is the tens digit of i(-15)?
7
What is the tens digit of 2 - 15/20*4 - -554?
5
Let f(v) = 10*v**2 + 16*v**2 + 2 + 10*v - 27*v**2. What is the units digit of f(9)?
1
Let h be 12 + ((-60)/(-4))/(-5). What is the tens digit of ((-6)/h)/(2/(-213))?
7
Let g = -208 + 300. Suppose -7*o = -4*o. Suppose o*f - 4*f + g = 0. What is the tens digit of f?
2
What is the tens digit of ((-421)/(-9))/(5/45)?
2
Let w = 11 - 5. Suppose -w = 3*p - 0*p. Let j = p - -20. What is the units digit of j?
8
What is the units digit of 2 - (10*(-3)/(-6) - 438)?
5
Let b be (-6)/(-4)*(-6)/9*1. Let r(f) = f**2 + 4*f - 2. Let h be r(-5). What is the units digit of (-8 + (0 - h))*b?
1
Let i = 19 - -380. What is the hundreds digit of i?
3
Let i = 106 - -192. What is the tens digit of i?
9
What is the tens digit of 2/(-6)*(-69135)/55?
1
Let p = 40 - 38. What is the units digit of 36*(12/12 - p/(-6))?
8
Suppose 1 = c - 14. Suppose 0 = -13*t + c*t - 198. What is the units digit of t?
9
Suppose 10 - 7 = z. Suppose 0 = -2*n + 5*n + f - 46, -2*n + z*f = -49. What is the units digit of n?
7
Let f be -1*(-1)/4 + (-1295)/(-4). Let l = -230 + f. What is the tens digit of l?
9
Suppose 162 = r - 5*o + 16, -5*o = 2*r - 232. Let w = r - 33. What is the units digit of w?
3
Let m(g) = 76*g + 2. What is the units digit of m(9)?
6
Let d(n) = n**2 - 13*n - 11. Let q be d(14). Suppose -g - 5 + q = 0, 5*g + 125 = 5*i. What is the tens digit of i?
2
Let f be -1 - -6*(-5)/(-1). Suppose 0 = -6*t - 1 - f. What is the units digit of ((-20)/t)/(2/12)?
4
Let d be (0 - 2256/(-56)) + (-2)/7. Let b(i) = i**3 + 5*i**2 - 3*i + 6. Let l be b(-5). Let h = d - l. What is the units digit of h?
9
Suppose 0*r + 214 = -3*d + r, -54 = d + 4*r. Let t be 60/(-14) + (-20)/d. What is the units digit of (t/8)/(3/(-174))?
9
Let c = -302 + 541. Let z = -114 + c. What is the hundreds digit of z?
1
Let l = -11 + -40. Let c be (-365)/10*(-1 + -1). Let u = l + c. What is the units digit of u?
2
Let y(s) = -11*s**2 + 7 - 11 + s**3 + 13*s - 8. Suppose 5 - 25 = -2*a. What is the tens digit of y(a)?
1
Let v be (-5)/(10/(-4)) + 5. Let r(b) = 13*b - 4*b + 8*b**2 + 4 - 2*b**2 - b**3. What is the tens digit of r(v)?
1
Let a(v) be the first derivative of 8*v**3/3 - 9*v**2/2 - 8*v + 24. What is the hundreds digit of a(-4)?
1
Suppose -44 = 3*u + 34. Let o be (u/4)/((-9)/54). Let v = o + -20. What is the tens digit of v?
1
Let h(c) = c**3 - 17*c**2 - 15*c - 45. What is the tens digit of h(19)?
9
Let u be 0*(3/(-6) - 0). Suppose u = 4*z - 25 - 35. Suppose z = -5*j, 4*x + j - 237 = -x. What is the units digit of x?
8
Let r = 41 - -281. What is the units digit of r?
2
Suppose 0 = 51*s - 13099 - 6077. What is the units digit of s?
6
Let c = 1247 - 562. What is the units digit of c?
5
Suppose -j + 0*y = -5*y + 8, 5*j = 5*y. Suppose -j*h + 4*f = -38, 0*h + 3*h = f + 72. What is the tens digit of h?
2
Let q(h) = -7*h + 3*h + 3*h - 3. Let t be q(-13). Suppose t*w - 6*w = 72. What is the tens digit of w?
1
Suppose 13*d = 14*d + 36. Let x = 120 + d. What is the tens digit of x?
8
Let v(d) = -d**2 + 3*d -